 first derivative of g**2 + t*g**3 + g + 2 + 1/2*g**4. Calculate q(-1).
-3
Let c(k) = 3*k - 3. Let j = -30 + 36. Give c(j).
15
Let j(i) = 3*i - 2. Let z(n) = 8*n - 5. Let u(s) = -5*j(s) + 2*z(s). What is u(-6)?
-6
Suppose -15*m + 17*m = -2. Suppose -2*h - 8 = -4*h. Let d(l) = 13*l**2 - 3*l - 5*l**2 + h*l. What is d(m)?
7
Let w = 51 - 24. Let x(v) = 27 - v**3 + 6*v**2 - w + 7*v. Give x(7).
0
Let h(j) = -j. Let x(t) = -t**3 - 5*t**2 - t - 2. Let o(n) = 2*h(n) - x(n). Give o(-5).
7
Let y(n) = -8 + 0 - 2*n + 11. What is y(-3)?
9
Let k be 209/114 - 2/(-12). Let p(y) = -y + 6. Let c(d) = 5*d - 30. Let v = 2 + 9. Let h(s) = k*c(s) + v*p(s). Give h(0).
6
Let h(m) = m**3 - 6*m**2 - 6*m - 10. Let w be h(7). Let x(f) = -7*f**3 - 3*f + 1. Let u(o) = 15*o**3 + 7*o - 2. Let i(b) = w*u(b) - 7*x(b). Calculate i(-1).
-5
Let s(c) = c**3 + 3*c**2 - 5*c - 4. Suppose 0*z - 4*z = 3*a - 74, -58 = -3*z - a. Suppose 18*y = z*y + 6. What is s(y)?
11
Let s(f) = f - 8. Let u be s(7). Let x be u/(-2) - (-9)/(-6). Let l(q) = -9*q**2. What is l(x)?
-9
Let o(s) = s**2 + 8*s - 5. Let n be (-1)/(1/9 - 0). Let y be o(n). Let q(x) = x - 1. Let v(d) = 3*d - 11. Let p(g) = 2*q(g) - v(g). Calculate p(y).
5
Let s be (-2)/8 - 63/(-12). Suppose 0 = -2*r - 4, 5*r - s = -i - 2*i. Suppose 1 - i = -4*a. Let l(m) = 4*m. Calculate l(a).
4
Let l(y) = -9*y + 3. Let v(o) = -5*o + 2. Let r(z) = 6*l(z) - 10*v(z). What is r(-2)?
6
Let o(y) = -y**3 - 7*y**2 - 8*y + 5. Suppose 6*s - 12 = 8*s. Give o(s).
17
Let h(c) = c - 3. Let k be h(2). Let d(f) = 6*f**2 + 1. Determine d(k).
7
Let x(g) be the first derivative of 1 - 5/3*g**3 - 1/4*g**4 + 2*g - 2*g**2. Determine x(-4).
2
Let t(c) be the third derivative of 0*c - 1/3*c**3 + 1/24*c**4 + 2*c**2 + 0 + 1/180*c**6 + 1/60*c**5. Let w(z) be the first derivative of t(z). What is w(-1)?
1
Let v(t) = t - 10. Let m(z) = z**2 + z + 4. Let p be m(0). Suppose 1 = 2*s - 5, 0 = -p*x + 5*s + 5. Calculate v(x).
-5
Let j(h) be the first derivative of 1/3*h**3 + 2*h - 3*h**2 + 1. Let i = 1 + 3. What is j(i)?
-6
Let c(h) = -2*h**2 + 19*h - 8. Let z(o) = -2*o**2 + o**2 - 3 - 2 + 10*o + 1. Let k(y) = -3*c(y) + 5*z(y). Let l(n) = -4*n + 1. Let d be l(-1). Give k(d).
-6
Let u(p) = -p. Suppose 1 = 3*z + 10. Give u(z).
3
Let o(h) = -h - 11. Let j(c) = -1. Let n(g) = 6*j(g) - o(g). What is n(0)?
5
Suppose -d - 3 = 2. Let v(f) = f**2 + f + 5. Let l(x) = -x**2 - 2*x - 4. Let y(u) = 4*l(u) + 3*v(u). What is y(d)?
-1
Let x be ((-6)/(-7))/(14/49). Let s(o) be the first derivative of -2/3*o**x + 2*o**2 + 2 + 0*o - 1/4*o**4. Determine s(-3).
-3
Suppose -12*h - 43 = 41. Let s(i) = i**3 + 8*i**2 + 7*i + 1. What is s(h)?
1
Let w(h) = 4 + h**2 + 0*h + h + h. Determine w(-3).
7
Let l be (-2)/((-1)/(-6)*3). Let s(q) = -q**3 - 5*q**2 + q + 5. Calculate s(l).
-15
Suppose 0 = -4*u - 5*t + 6 + 4, -2 = -t. Let m(j) be the third derivative of -7/6*j**3 + 1/24*j**4 + u*j - 2*j**2 + 0. Calculate m(0).
-7
Let b(s) = 6 + 0*s**3 - 4*s**3 + 6*s**2 + 3*s**3. Let u be 6/(-5)*(-10)/2. Calculate b(u).
6
Let b(v) be the first derivative of v**2/2 + 1. Suppose -i = -m - 9, -8*i + 3*i = 2*m - 17. Let z be 3 - m - (2 + 0). Calculate b(z).
5
Let i(x) = 2*x**2 - 3*x - 2. Let f be i(3). Let j(d) = d**2 - 8*d + 5. Determine j(f).
-2
Let p(b) be the first derivative of b**3/3 + 2*b**2 + 5*b + 1. Suppose 0 = -5*z - 0*z + 20. Suppose -2*v + 4*y = -0*v - z, 2*v + 17 = -3*y. Give p(v).
5
Let d(y) be the third derivative of y**5/20 - y**4/24 - y**3/3 + 3*y**2. Let z(q) be the first derivative of d(q). Calculate z(-1).
-7
Let g(h) = -h**2 + 1. Suppose -2*s = -2 + 12. Let w = -8 - s. Determine g(w).
-8
Let f be -3*(-1 - -1 - 1). Let v be 2 - (0 - 0/f). Let i(z) = 3 + 2*z**2 + 2*z**v - z**3 - 5. What is i(4)?
-2
Let r(g) = -g**3 + 2*g**2 - 2*g + 3 - 5*g**2 - 4*g**2 + g. Calculate r(-7).
10
Let i(k) = 75*k - 70*k + 5 - 3*k**2 + 2*k**2. Let b(s) = -s**3 - 5*s**2 + 7*s + 9. Let n be b(-6). Let v be (-5 + 0)/(n - 4). Give i(v).
5
Let u(l) = -l**3 + 6*l**2 - 4*l - 7. Suppose g - 3 = -1. Suppose -g*v = x - 13, -x - 4*x = -3*v. Calculate u(v).
-2
Let w = 4 - 0. Suppose -3*r + w*m = 0, 5*r + 14 = 3*m - m. Let d(b) = 2*b - 1. What is d(r)?
-9
Suppose -5*m + 7 = -33. Let f(s) = s**2 - 8*s - 6. Give f(m).
-6
Let v(o) = o**2 - 8*o + 7. Let s(b) = -b + 1. Let u(w) = 6*s(w) - v(w). Let x be u(2). Let r(c) = 3*c**2 - c. Calculate r(x).
4
Let g(b) = 5*b - 5. Let f(w) = -6*w + 5. Let y(m) = -3*f(m) - 4*g(m). Let x(r) = 2*r - 5. Let h(q) = -3*x(q) - 2*y(q). Suppose -u = 4*u - 20. Give h(u).
-3
Let b(q) = -2*q**2. Let o be b(-1). Let l(f) = -4*f**2 - 4*f - 3. What is l(o)?
-11
Let o(q) = q. Let d(w) = 6*w - 1. Let k(v) = 2*d(v) - 11*o(v). Let n(g) = -3*g**3 - 1. Let b be n(1). What is k(b)?
-6
Let x(f) be the second derivative of f**5/20 - f**4/6 + f**3/3 + f**2/2 - 38*f. What is x(2)?
5
Let n = -2 - -4. Suppose 0 = -3*t + n*t - 2. Let x(k) = -2*k + 1. What is x(t)?
5
Suppose 5*n = -2*q - 21, 3*n - 3*q = -q - 3. Let y(d) = 3*d + 3. Calculate y(n).
-6
Let l(w) = -w**3 - 6*w**2 - w - 2. Suppose t + 4 = -27. Let n = -21 - t. Let k be (12/n)/((-6)/30). What is l(k)?
4
Let n(f) = 10*f - 2. Let r(b) = -4*b + 1. Let t(a) = -3*n(a) - 5*r(a). Let v(l) = l**2 - 2*l - 4. Let k be v(3). Calculate t(k).
11
Let t(m) = -m**3 - 3*m**2 + 2*m + 4. Suppose 2*p + 10 = 2. What is t(p)?
12
Let r(k) = -k + 1. Let z(a) = 3*a - 3. Let t(v) = -12*v. Let d be t(-1). Suppose h + 2*l = -d, h - 2*l - 6 = 2. Let b(f) = h*z(f) - 5*r(f). What is b(-5)?
6
Let o be (2 + 9/(-6))*14. Let c(x) = x**3 - 8*x**2 + 6*x + 8. Determine c(o).
1
Suppose 2*u + 4*r = -3*u + 15, 3*u - 9 = 5*r. Let y(w) = -2*w - w - u*w + 0*w - 1. Calculate y(-3).
17
Let p(w) be the third derivative of -w**6/120 - w**5/60 + w**4/8 - 2*w**3/3 + 8*w**2. Calculate p(3).
-31
Let v(s) be the third derivative of -s**4/24 + 5*s**3/3 + s**2. Suppose -9 = 4*i + 3*c + 2*c, 0 = -2*i - 2*c - 6. Let m be 2/i + 96/18. What is v(m)?
5
Let x(n) = n - 3. Let w = -14 + 8. Let f be ((-3)/w)/((-1)/(-4)). Suppose 0 = 3*q + f*q + 20. What is x(q)?
-7
Let i(p) = -p**2 + 1 + 3 - p - 3 + 0. Give i(2).
-5
Suppose 0 = 4*a - 5*j + 4, 6*j = -5*a + 2*j + 36. Let s(m) = -3*m - 5. Let r(w) = -8*w - 14. Let o(b) = a*r(b) - 11*s(b). What is o(-3)?
-4
Let m(r) be the second derivative of 3*r**5/20 - r**3/6 - r**2/2 + 84*r. Let b = -1 + 0. Let k be 2/b + (0 - -1). What is m(k)?
-3
Let y(a) = -3*a + 7. Let r be (2/3)/(2/9). Let x be y(r). Let u(s) = 3*s**2 + 4*s + 2. What is u(x)?
6
Let r(c) = -21*c + 6*c + c**2 + 8*c - 1. Give r(6).
-7
Let r(w) = w**2 - 11*w - 7. Let x(s) = -5*s - 3. Let k(l) = -l**2 - 2. Let b be k(0). Let t(z) = b*r(z) + 5*x(z). Let m be (2/(-4))/(1/4). Give t(m).
-3
Let o(f) = 15*f**3 + 2*f**2 - f. Suppose 5*v + 5 = 10. Give o(v).
16
Let t = -39 - -43. Let j(x) = x**3 - 4*x**2 - 4. Give j(t).
-4
Let y(h) = -h**2. Suppose 0 = 3*s - 4*s - 6. Let o(r) = 7*r**2 - 2*r. Let j(q) = s*y(q) - o(q). Let k be j(2). Let c(f) = -f**2 + f - 6. What is c(k)?
-6
Let l(c) be the third derivative of c**5/60 + 5*c**4/24 - c**3/2 + 13*c**2. Determine l(-5).
-3
Let a(g) = -g**2 + 6*g - 3. Suppose -q + 0*q + 3 = 0, h + 4*q = 15. Let x be (8 - h) + -2 + 1. Calculate a(x).
5
Let u(x) = x**2 - 5*x + 8. Let q be u(4). Let y(n) be the second derivative of 0 + n + 1/20*n**5 + n**2 - 2/3*n**3 + 1/3*n**q. Give y(-5).
-3
Let m(i) = -13*i + 4*i + 7*i + 1 - 2*i**2. Suppose 0 = 2*b - 2*l + 12, b + 0*b + 11 = 2*l. Let w be 0/b + -1 + -1. What is m(w)?
-3
Let h(p) = -p**3 - p**2 + p + 1. Let d(a) = -a**2 + 8. Let f(l) = -d(l) + h(l). Calculate f(0).
-7
Let v(n) = n**2 - n + 1. Let b(o) = 5*o**2 - 7*o + 12. Let d(l) = -b(l) + 6*v(l). Calculate d(0).
-6
Let l(a) = a**2 + 3*a - 3*a**2 - 2 + 4. Calculate l(3).
-7
Let t(a) = -4*a**2 - 2*a + 3. Let l(h) be the first derivative of -11*h**3/3 - 3*h**2 + 8*h - 7. Let z(g) = 3*l(g) - 8*t(g). Determine z(-3).
-3
Let h = 80 - 80. Let o(s) = s**2 - 4*s + 3. Let n(b) = -b**2 + 3*b - 2. Let w(m) = 4*n(m) + 3*o(m). What is w(h)?
1
Let f(t) = 2*t**3 + t**2 + t. Let v = -9 - -16. Suppose -v*d - 3 = -4*d. What is f(d)?
-2
Let t(v) = v + 5. Let h(i) = i + 5. Let l(b) = -3*h(b) + 2*t(b). Suppose -5*k - c - 21 = -2*c, -5*k - 17 = 3*c. Calculate l(k).
-1
Let m(s) be the third derivative of -s**4/24 + 5*s**3/3 - 36*s**2. Cal